 the remainder when o(-4) is divided by d?
0
Let b = 6 - 13. Let s = 2 + b. Calculate the remainder when (2 - 5)/(1/s) is divided by 8.
7
Let o = 0 - -5. Suppose o*g = g. Calculate the remainder when 11 is divided by 1*(2 + (g - -2)).
3
Let k(a) be the third derivative of a**6/120 + 2*a**5/15 - 5*a**4/12 - a**3/2 + a**2. Suppose -31 = 5*s + 14. Calculate the remainder when k(s) is divided by 4.
2
Suppose 15*i - 3615 = -0*i. Calculate the remainder when i is divided by 49.
45
Suppose n + 2*k - 6 = 3*k, -5*n = 5*k - 10. Calculate the remainder when 39 is divided by 42/n*32/24.
11
Suppose -2 = 2*f, 4*d = 2*d - 3*f + 83. Let u = d - 15. What is the remainder when u is divided by 10?
8
Let n(a) = a**2 + 4*a + 4. Let y = 5 - -4. Calculate the remainder when y is divided by n(-4).
1
Suppose 6*v + 81 = 219. Let g = 12 - 3. Calculate the remainder when v is divided by g.
5
Suppose 6*v - 2*v = 4*s - 276, 3*v + 349 = 5*s. Let m = s - 30. Calculate the remainder when m is divided by 11.
8
Let b = 40 - 12. Let h = -18 - -28. Calculate the remainder when b is divided by h.
8
Let b be 2/(1 - 2/3). Let x(h) be the second derivative of h**3 - 3*h**2 + h. What is the remainder when x(b) is divided by 16?
14
Suppose -j + 2*u - 8 = -3*j, 3*j + 2*u - 8 = 0. Let c(y) = y**3 + y**2 - y + 18. Calculate the remainder when c(j) is divided by 4.
2
Let s(y) be the second derivative of y**4/4 - y**3/6 - y. Suppose -5*a + 81 = 2*r, 0 = r - 6*r + 5*a + 115. What is the remainder when r is divided by s(2)?
8
Calculate the remainder when 123 is divided by (38 - 4) + (-2)/(4/6).
30
Let b(v) = 47*v**3 - v**2 + v. Calculate the remainder when b(1) is divided by 8.
7
Let j = 29 + -16. Calculate the remainder when j is divided by 5.
3
Let s be 50*6/4 - 2. Suppose -4*i - i = 4*y - 491, -3*i + 9 = 0. Suppose -s = -a - 2*u, -2*a + 9*u + y = 4*u. What is the remainder when a is divided by 23?
21
Let m(t) = t**3 - 2*t**2 + 3*t - 1. Let q be m(2). Suppose -3*p = -3*h + h + 5, -25 = q*p + 5*h. Let b = 3 - p. What is the remainder when b is divided by 2?
0
Let q(m) = m**3 + 11*m**2 + 9*m + 11. Let f be q(-10). Let x = f - 16. What is the remainder when 23 is divided by x?
3
Let y(s) be the second derivative of s**5/20 - s**4/12 + 15*s**2 + 8*s. What is the remainder when y(0) is divided by 8?
6
Let c = 11 - 5. Let k be c/10*(-1 + 6). Let w = k - -20. Calculate the remainder when w is divided by 8.
7
Suppose 0 = 2*v - 21 + 3. Suppose v + 61 = 4*m - 3*y, -4*m = 2*y - 60. Suppose -4*r + 235 = r. What is the remainder when r is divided by m?
15
Let l be (-27)/(-6) + (-1)/2. Suppose 0*f - 10 = 2*f - l*q, -3*f + 5 = -2*q. What is the remainder when 8 is divided by f?
3
Let m = 7 - 0. What is the remainder when 18 is divided by m?
4
Let f = -12 - -19. Let g(s) = s + 10. What is the remainder when g(f) is divided by 6?
5
Let a(c) = -6*c + 1. What is the remainder when 34 is divided by a(-1)?
6
Let z = -7 - -19. Let r = -79 + 114. What is the remainder when r is divided by z?
11
Suppose 3*v = -3*u - 36, 2*u = 4*v - 3*v + 12. Calculate the remainder when 15 is divided by (-2)/((1 - -2)/v).
7
Suppose -18 = -h - 5*h. Suppose 2*b - h*w - 33 = 0, 3*b - w = w + 47. What is the remainder when 28 is divided by b?
13
Let p(u) = -5*u + 21 + 2*u**2 - 7*u - 18. Let d = -19 - -31. Calculate the remainder when p(8) is divided by d.
11
Let m be (-3 + 5)/((-2)/5). Let f(s) = s**3 + 5*s**2 - s - 3. Let t be f(m). Let z(y) = 9*y - 2. What is the remainder when z(t) is divided by 6?
4
Let s(y) = 4*y**2 - 5*y + 2. Calculate the remainder when s(3) is divided by 7.
2
What is the remainder when 15 is divided by (0 + -4)*(2 - 3)?
3
Let x(z) = -z**3 + 3*z**2 + z + 19. Suppose o = 2, 0*t - 5*t + 2*o + 6 = 0. Suppose 4*n - 70 = t*n. Calculate the remainder when n is divided by x(0).
16
Suppose 2*k + 0 = -4*o - 2, o = -3. Suppose -u + 2 = -7. Calculate the remainder when u is divided by k.
4
Suppose 4*f = -n - n - 8, -5*n + 2 = -f. Suppose n - 4 = 4*b. Let m = 3 + b. What is the remainder when m is divided by 2?
0
Suppose 0*j - 154 = -7*j. Calculate the remainder when 43 is divided by j.
21
Let x(z) = -z - 6. Calculate the remainder when x(-12) is divided by 2.
0
Let z be ((0/(-2))/(-4))/2. Suppose 0 = -u + 5, z = -5*a + 5*u + 2 + 3. What is the remainder when 17 is divided by a?
5
What is the remainder when -168*-2*(-4)/(-16) is divided by 44?
40
Suppose f - 4*f = -36. Suppose -4*p = -69 - 67. What is the remainder when p is divided by f?
10
Suppose -4*k + 8*k + 16 = 0. Let w = -2 - k. What is the remainder when 3 is divided by w?
1
Let z(v) = 3 - 7 + 1 - 4 - v. Let r be z(-7). Suppose r*u + u = 45. Calculate the remainder when u is divided by 12.
9
Let q = -2 - -10. Suppose 7 + q = 3*g. Let m = -8 - -21. What is the remainder when m is divided by g?
3
Let f be (7 - 6)*(0 + 4). Suppose -f*s + 0*s = -8. Calculate the remainder when (-4)/14 - 60/(-14) is divided by s.
0
Suppose 3*n = 5*n - 62. Suppose -4*p + n - 11 = 0. Let s = 16 - p. What is the remainder when 21 is divided by s?
10
Let u be 4/4*70 + -1. Let w = u - 26. Calculate the remainder when w is divided by 11.
10
Suppose -i - 28 = 5*b, 0 = -5*b + b - 20. Calculate the remainder when i + 4 + 17 + -2 is divided by 10.
6
Suppose -o = -f - 12, -f - 3*f - 3*o = 83. Let i be (0 - f/(-4))*4. Let w = i + 55. Calculate the remainder when w is divided by 10.
8
Let p be (93/(-12))/((-2)/8). Calculate the remainder when (2 - 5) + p + 1 is divided by (-1*3)/(3/(-10)).
9
Let v(l) = 17*l + 1. Let g = 106 - 84. Calculate the remainder when v(5) is divided by g.
20
Calculate the remainder when 2/10 - (18576/30)/(-9) is divided by 18.
15
Suppose a = -4*b - 6, 3*a - 9 = b + 12. Suppose -3 = f - a. Calculate the remainder when 7 is divided by f.
1
Suppose 3*b - 11 = 7. Suppose b = -3*a - 6. Let r(v) = -v**2 - 8*v + 5. What is the remainder when r(a) is divided by 11?
10
What is the remainder when 36 is divided by (-4)/(-2) + (9 - -2)?
10
Let a(x) = x - 6. Let t be (3/4)/(3/(-12)). Let u(j) = j**3 + 4*j**2 + 2*j - 2. What is the remainder when a(7) is divided by u(t)?
0
Suppose 2*o - 5*h - 9 = 14, -5*h = -5*o + 20. Let k = o + 14. Calculate the remainder when 50 is divided by k.
11
Let z(n) = -2*n - 1. Let x be z(-2). Suppose -x*h = g - 23, 4*g - g - 69 = h. Suppose -3*m = -m - 16. What is the remainder when g is divided by m?
7
Let p(d) = d**2 - 4. Let f be p(0). Let u = f - -10. Let g = 32 - 22. Calculate the remainder when g is divided by u.
4
Let g(f) be the third derivative of f**5/6 - f**4/12 - f**3/6 - 6*f**2. Let o be (-5)/3 + 2/3. Calculate the remainder when 21 is divided by g(o).
10
Let q be 8*6 + (-12)/(-12). What is the remainder when 1645/q - 4/7 is divided by 9?
6
Suppose 3*a = 19 - 7. Let v = 11 - 4. What is the remainder when v is divided by a?
3
Let i = -101 - -128. Calculate the remainder when 213 is divided by i.
24
What is the remainder when (158/(-4))/((-13)/26) is divided by 8?
7
Let n = -49 - -83. Calculate the remainder when 135 is divided by n.
33
Let p = -12 - -15. Calculate the remainder when 7 is divided by p.
1
Suppose w - 3 - 1 = 0. What is the remainder when (9 - -2) + -1*1 is divided by w?
2
Let q(s) = -2*s + 2. Let z be q(4). Let y be (-117)/z + 2/(-4). Calculate the remainder when y + 2 + -1 - 1 is divided by 10.
9
Let n(g) = g + 17. Calculate the remainder when 31 is divided by n(-7).
1
Let k(r) = r**3 + 4*r**2 - 6*r - 1. Suppose 12 = -3*y - 3*f, 5*f - 3*f = y + 4. Let n(v) = 3*v - 9. Calculate the remainder when k(y) is divided by n(7).
11
Let s = 2 + 0. Let h(l) be the third derivative of l**4/24 + l**3/6 - 17*l**2. What is the remainder when h(s) is divided by 2?
1
Suppose j + 2*w + 47 = 0, -2*j - 55 = 3*w + 35. Let b = 7 - j. Calculate the remainder when b is divided by 16.
14
Let h(z) = 3*z - 3. Let i be h(2). Suppose -2*q = -4*t + 54, -q = i*t + t - 69. What is the remainder when 30 is divided by t?
14
Suppose -16*h + 370 = -11*h. What is the remainder when h is divided by 19?
17
Suppose -2*b + 5*a + 20 = a, 5*b - 42 = 2*a. Let v(y) = 2*y + 1. Let z be v(1). What is the remainder when (2 - -1)*23/z is divided by b?
7
Let s = -21 - -9. Let a = 3 + -6. What is the remainder when 15 is divided by 1/a + (-100)/s?
7
Suppose y + 2*w - 27 = 0, -4